{"id":3624,"date":"2024-11-28T23:44:23","date_gmt":"2024-11-29T02:44:23","guid":{"rendered":"https:\/\/voysanando.com\/?post_type=product&#038;p=3624"},"modified":"2025-04-12T13:08:02","modified_gmt":"2025-04-12T17:08:02","slug":"planners-digitales-packs","status":"publish","type":"product","link":"https:\/\/voysanando.com\/index.php\/producto\/planners-digitales-packs\/","title":{"rendered":"Planners digitales: Contenido Especializado"},"content":{"rendered":"<p>Aqu\u00ed pueden encontrar <strong>todos los packs<\/strong> que se incluyen en nuestras agendas, pero en versi\u00f3n digital. Puedes usarlos para organizar cualquier aspecto de tu vida privada, laboral o tu maternidad con nuestros packs de planificadores.<\/p>\n<p>Todos los packs incluyen una portada y contraportada donde puedes tomar notas, en nuestras agendas estos son los separadores.<\/p>\n<p>Pack 1: <strong>Cosas de la Casa<\/strong> | Cumplea\u00f1os | Fiestas de Fin de A\u00f1o | Men\u00fa Semanal | Lista de Compras | Aseo | Recetas |<\/p>\n<p>Pack 2: <strong>Finanzas<\/strong> | Metas Financieras | Gastos extraordinarios | Presupuesto Mensual | Deudas | Plan de ahorro |<\/p>\n<p>Pack 3: <strong>Emprendedor<\/strong> | Pedidos | Cuentas y Claves | Proveedores de Despachos | Redes Sociales | Balance del mes | Clientes | Proveedores |<\/p>\n<p>Pack 4: <strong>Pacientes<\/strong> \u2665 TOP SELLER \u2665 | Datos personales y de salud | Lugares de atenci\u00f3n | Equipo tratante | Debo Pedir Hora | Seguimiento de s\u00edntomas | Seguimiento de F\u00e1rmacos | Seguimiento de Tratamiento | Seguimiento de estados del \u00e1nimo | Grounding |<\/p>\n<p>Pack 5: <strong>Terapeuta<\/strong> | Grounding | Contrato Terap\u00e9utico | Pacientes | Registo de Pagos y Boletas | Horario de Atenci\u00f3n Semanal | Contactos de derivaci\u00f3n | Notas (l\u00edneas) |<\/p>\n<p>Pack 6:<strong> To Do<\/strong> | Pendientes del mes (6 dise\u00f1os) | To Do List Semanal (2 Dise\u00f1os) | Planner Diario (4) *NUEVO DISE\u00d1O* |<\/p>\n<p>Pack 7: <strong>Objetivos<\/strong> | Objetivos de este a\u00f1o | Objetivo del mes | Libros | Pel\u00edculas y series | Lugares por visitar |<\/p>\n<p>Pack 8: <strong>Estudiante<\/strong> | Ramos del semestre (2) | Horario (2) | Registo de Calificaciones (2) | Calendario de evaluaciones (sin fecha) | Clases y evaluaciones online | Libros pedidos en biblioteca | Reuniones de estudio o trabajo | Apuntes importantes (2) |<\/p>\n<p>Pack 9: <strong>Trabajo dependiente<\/strong> | Reuniones | D\u00edas administrativos | Vacaciones | Horas Extra | Licencia m\u00e9dica | Contactos | Notas |<\/p>\n<p>Pack 10:<strong> Trabajo por turnos<\/strong> | \u00bfQu\u00e9 hago aqu\u00ed? (landing) | Turnos del mes | Integrantes del turno | Cambios de turno | Notas del turno (2) |<\/p>\n<p>Pack 11: <strong>Neurodivergencia<\/strong> | Importantes del mes (12) | Medicamentos | Estrategias | Citas y Reuniones (2) | Grounding |<\/p>\n<p>Pack 12: <strong>Maternidad<\/strong> | Sobre mi beb\u00e9 | 30 Primeros d\u00edas | Peso y Talla | Historia de Nacimiento | Autocuidado de mam\u00e1 | Checklist de beb\u00e9 |<span style=\"font-size: 16px; font-style: normal; font-weight: 400;\"> Horarios (4) | Citas M\u00e9dicas | Vacunas (con PNI) | Medicamentos | Nombres de amigos | Cumplea\u00f1os | Actividades extra y rutinas | Planner mensual hijos | Reuni\u00f3n de apoderados | Notas sobre hijos |<\/span><\/p>\n<h6>Recibir\u00e1s por cada pack que compres un archivo en formato PDF y otro archivo comprimido (ZIP) con las p\u00e1ginas individuales en formato PNG<\/h6>\n","protected":false},"excerpt":{"rendered":"<p>Kits o Packs de Planners, planificadores especializados digitales<\/p>\n","protected":false},"featured_media":3463,"comment_status":"open","ping_status":"closed","template":"","meta":{"om_disable_all_campaigns":false,"_uag_custom_page_level_css":"","_monsterinsights_skip_tracking":false,"_monsterinsights_sitenote_active":false,"_monsterinsights_sitenote_note":"","_monsterinsights_sitenote_category":0,"site-sidebar-layout":"default","site-content-layout":"","ast-site-content-layout":"default","site-content-style":"default","site-sidebar-style":"default","ast-global-header-display":"","ast-banner-title-visibility":"","ast-main-header-display":"","ast-hfb-above-header-display":"","ast-hfb-below-header-display":"","ast-hfb-mobile-header-display":"","site-post-title":"","ast-breadcrumbs-content":"","ast-featured-img":"","footer-sml-layout":"","ast-disable-related-posts":"","theme-transparent-header-meta":"default","adv-header-id-meta":"","stick-header-meta":"","header-above-stick-meta":"","header-main-stick-meta":"","header-below-stick-meta":"","astra-migrate-meta-layouts":"set","ast-page-background-enabled":"default","ast-page-background-meta":{"desktop":{"background-color":"var(--ast-global-color-4)","background-image":"","background-repeat":"repeat","background-position":"center center","background-size":"auto","background-attachment":"scroll","background-type":"","background-media":"","overlay-type":"","overlay-color":"","overlay-opacity":"","overlay-gradient":""},"tablet":{"background-color":"","background-image":"","background-repeat":"repeat","background-position":"center center","background-size":"auto","background-attachment":"scroll","background-type":"","background-media":"","overlay-type":"","overlay-color":"","overlay-opacity":"","overlay-gradient":""},"mobile":{"background-color":"","background-image":"","background-repeat":"repeat","background-position":"center center","background-size":"auto","background-attachment":"scroll","background-type":"","background-media":"","overlay-type":"","overlay-color":"","overlay-opacity":"","overlay-gradient":""}},"ast-content-background-meta":{"desktop":{"background-color":"var(--ast-global-color-5)","background-image":"","background-repeat":"repeat","background-position":"center center","background-size":"auto","background-attachment":"scroll","background-type":"","background-media":"","overlay-type":"","overlay-color":"","overlay-opacity":"","overlay-gradient":""},"tablet":{"background-color":"var(--ast-global-color-5)","background-image":"","background-repeat":"repeat","background-position":"center center","background-size":"auto","background-attachment":"scroll","background-type":"","background-media":"","overlay-type":"","overlay-color":"","overlay-opacity":"","overlay-gradient":""},"mobile":{"background-color":"var(--ast-global-color-5)","background-image":"","background-repeat":"repeat","background-position":"center center","background-size":"auto","background-attachment":"scroll","background-type":"","background-media":"","overlay-type":"","overlay-color":"","overlay-opacity":"","overlay-gradient":""}}},"product_brand":[],"product_cat":[76],"product_tag":[50,51,85,81,75,52,60,61,49,69],"class_list":{"0":"post-3624","1":"product","2":"type-product","3":"status-publish","4":"has-post-thumbnail","6":"product_cat-digitales","7":"product_tag-administracion","8":"product_tag-disociacion","9":"product_tag-emprendedores","10":"product_tag-grounding","11":"product_tag-planners","12":"product_tag-recursos-pacientes","13":"product_tag-sintomas","14":"product_tag-terapeuta","15":"product_tag-terapia-emdr","16":"product_tag-todo-publico","17":"desktop-align-center","18":"tablet-align-left","19":"mobile-align-left","21":"first","22":"instock","23":"taxable","24":"shipping-taxable","25":"purchasable","26":"product-type-variable"},"aioseo_notices":[],"uagb_featured_image_src":{"full":["https:\/\/i0.wp.com\/voysanando.com\/wp-content\/uploads\/2024\/09\/Imagen-web-promo.jpg?fit=1512%2C2016&ssl=1",1512,2016,false],"thumbnail":["https:\/\/i0.wp.com\/voysanando.com\/wp-content\/uploads\/2024\/09\/Imagen-web-promo.jpg?resize=150%2C150&ssl=1",150,150,true],"medium":["https:\/\/i0.wp.com\/voysanando.com\/wp-content\/uploads\/2024\/09\/Imagen-web-promo.jpg?fit=225%2C300&ssl=1",225,300,true],"medium_large":["https:\/\/i0.wp.com\/voysanando.com\/wp-content\/uploads\/2024\/09\/Imagen-web-promo.jpg?fit=768%2C1024&ssl=1",768,1024,true],"large":["https:\/\/i0.wp.com\/voysanando.com\/wp-content\/uploads\/2024\/09\/Imagen-web-promo.jpg?fit=768%2C1024&ssl=1",768,1024,true],"1536x1536":["https:\/\/i0.wp.com\/voysanando.com\/wp-content\/uploads\/2024\/09\/Imagen-web-promo.jpg?fit=1152%2C1536&ssl=1",1152,1536,true],"2048x2048":["https:\/\/i0.wp.com\/voysanando.com\/wp-content\/uploads\/2024\/09\/Imagen-web-promo.jpg?fit=1512%2C2016&ssl=1",1512,2016,true],"mailpoet_newsletter_max":["https:\/\/i0.wp.com\/voysanando.com\/wp-content\/uploads\/2024\/09\/Imagen-web-promo.jpg?fit=1320%2C1760&ssl=1",1320,1760,true],"woocommerce_thumbnail":["https:\/\/i0.wp.com\/voysanando.com\/wp-content\/uploads\/2024\/09\/Imagen-web-promo.jpg?resize=300%2C300&ssl=1",300,300,true],"woocommerce_single":["https:\/\/i0.wp.com\/voysanando.com\/wp-content\/uploads\/2024\/09\/Imagen-web-promo.jpg?fit=600%2C800&ssl=1",600,800,true],"woocommerce_gallery_thumbnail":["https:\/\/i0.wp.com\/voysanando.com\/wp-content\/uploads\/2024\/09\/Imagen-web-promo.jpg?resize=100%2C100&ssl=1",100,100,true]},"uagb_author_info":{"display_name":"user-voysanando","author_link":"https:\/\/voysanando.com\/index.php\/author\/"},"uagb_comment_info":1,"uagb_excerpt":"Kits o Packs de Planners, planificadores especializados digitales","jetpack_sharing_enabled":true,"_links":{"self":[{"href":"https:\/\/voysanando.com\/index.php\/wp-json\/wp\/v2\/product\/3624","targetHints":{"allow":["GET"]}}],"collection":[{"href":"https:\/\/voysanando.com\/index.php\/wp-json\/wp\/v2\/product"}],"about":[{"href":"https:\/\/voysanando.com\/index.php\/wp-json\/wp\/v2\/types\/product"}],"replies":[{"embeddable":true,"href":"https:\/\/voysanando.com\/index.php\/wp-json\/wp\/v2\/comments?post=3624"}],"wp:featuredmedia":[{"embeddable":true,"href":"https:\/\/voysanando.com\/index.php\/wp-json\/wp\/v2\/media\/3463"}],"wp:attachment":[{"href":"https:\/\/voysanando.com\/index.php\/wp-json\/wp\/v2\/media?parent=3624"}],"wp:term":[{"taxonomy":"product_brand","embeddable":true,"href":"https:\/\/voysanando.com\/index.php\/wp-json\/wp\/v2\/product_brand?post=3624"},{"taxonomy":"product_cat","embeddable":true,"href":"https:\/\/voysanando.com\/index.php\/wp-json\/wp\/v2\/product_cat?post=3624"},{"taxonomy":"product_tag","embeddable":true,"href":"https:\/\/voysanando.com\/index.php\/wp-json\/wp\/v2\/product_tag?post=3624"}],"curies":[{"name":"wp","href":"https:\/\/api.w.org\/{rel}","templated":true}]}}