{"id":3333,"date":"2024-05-31T09:14:39","date_gmt":"2024-05-31T13:14:39","guid":{"rendered":"https:\/\/voysanando.com\/?post_type=product&#038;p=3333"},"modified":"2025-03-17T10:24:47","modified_gmt":"2025-03-17T13:24:47","slug":"libro-50-preguntas-frecuentes-de-un-sobreviviente-de-abuso-sexual-infantil","status":"publish","type":"product","link":"https:\/\/voysanando.com\/index.php\/producto\/libro-50-preguntas-frecuentes-de-un-sobreviviente-de-abuso-sexual-infantil\/","title":{"rendered":"Libro \u201c50 Preguntas Frecuentes de un Sobreviviente de abuso sexual infantil\u201d"},"content":{"rendered":"<div class=\"my-3 my-md-4\" title=\"\" data-original-title=\"\">\n<p class=\"enc-text mb-0\" style=\"padding-left: 40px;\">Venta de libro f\u00edsico \u00ab50 Preguntas Frecuentes de un sobreviviente de abuso sexual infantil\u00bb.<\/p>\n<\/div>\n<div class=\"my-3 my-md-4\" title=\"\" data-original-title=\"\">\n<p class=\"enc-text mb-0\"><span style=\"font-size: 16px;\">\u201cLa psic\u00f3loga cl\u00ednica Carol Galleguillos reuni\u00f3 en estas p\u00e1ginas las 50 preguntas m\u00e1s realizadas por adultos sobrevivientes de abuso sexual infantil a psic\u00f3logos, trabajadores sociales, abogados, fil\u00f3sofos y educadores, quienes luego las respondieron desde el punto de vista de su disciplina, con el fin de dar espacio a la psicoeducaci\u00f3n. Este texto es una valorable herramienta tanto para sobrevivientes de abuso sexual como para profesionales que trabajan vinculados con este trauma en diversas esferas.\u201d<\/span><\/p>\n<p>&nbsp;<\/p>\n<\/div>\n","protected":false},"excerpt":{"rendered":"<p>Libro f\u00edsico de Carol Galleguillos \u201c50 Preguntas Frecuentes de un Sobreviviente de abuso sexual infantil\u201d<\/p>\n","protected":false},"featured_media":3334,"comment_status":"open","ping_status":"closed","template":"","meta":{"om_disable_all_campaigns":false,"_uag_custom_page_level_css":"","_monsterinsights_skip_tracking":false,"_monsterinsights_sitenote_active":false,"_monsterinsights_sitenote_note":"","_monsterinsights_sitenote_category":0,"site-sidebar-layout":"default","site-content-layout":"","ast-site-content-layout":"default","site-content-style":"default","site-sidebar-style":"default","ast-global-header-display":"","ast-banner-title-visibility":"","ast-main-header-display":"","ast-hfb-above-header-display":"","ast-hfb-below-header-display":"","ast-hfb-mobile-header-display":"","site-post-title":"","ast-breadcrumbs-content":"","ast-featured-img":"","footer-sml-layout":"","ast-disable-related-posts":"","theme-transparent-header-meta":"default","adv-header-id-meta":"","stick-header-meta":"","header-above-stick-meta":"","header-main-stick-meta":"","header-below-stick-meta":"","astra-migrate-meta-layouts":"set","ast-page-background-enabled":"default","ast-page-background-meta":{"desktop":{"background-color":"var(--ast-global-color-4)","background-image":"","background-repeat":"repeat","background-position":"center center","background-size":"auto","background-attachment":"scroll","background-type":"","background-media":"","overlay-type":"","overlay-color":"","overlay-opacity":"","overlay-gradient":""},"tablet":{"background-color":"","background-image":"","background-repeat":"repeat","background-position":"center center","background-size":"auto","background-attachment":"scroll","background-type":"","background-media":"","overlay-type":"","overlay-color":"","overlay-opacity":"","overlay-gradient":""},"mobile":{"background-color":"","background-image":"","background-repeat":"repeat","background-position":"center center","background-size":"auto","background-attachment":"scroll","background-type":"","background-media":"","overlay-type":"","overlay-color":"","overlay-opacity":"","overlay-gradient":""}},"ast-content-background-meta":{"desktop":{"background-color":"var(--ast-global-color-5)","background-image":"","background-repeat":"repeat","background-position":"center center","background-size":"auto","background-attachment":"scroll","background-type":"","background-media":"","overlay-type":"","overlay-color":"","overlay-opacity":"","overlay-gradient":""},"tablet":{"background-color":"var(--ast-global-color-5)","background-image":"","background-repeat":"repeat","background-position":"center center","background-size":"auto","background-attachment":"scroll","background-type":"","background-media":"","overlay-type":"","overlay-color":"","overlay-opacity":"","overlay-gradient":""},"mobile":{"background-color":"var(--ast-global-color-5)","background-image":"","background-repeat":"repeat","background-position":"center center","background-size":"auto","background-attachment":"scroll","background-type":"","background-media":"","overlay-type":"","overlay-color":"","overlay-opacity":"","overlay-gradient":""}}},"product_brand":[],"product_cat":[71],"product_tag":[84,53,52,61,69,83],"class_list":{"0":"post-3333","1":"product","2":"type-product","3":"status-publish","4":"has-post-thumbnail","6":"product_cat-fisicos","7":"product_tag-libro","8":"product_tag-psicoterapia","9":"product_tag-recursos-pacientes","10":"product_tag-terapeuta","11":"product_tag-todo-publico","12":"product_tag-trauma","13":"desktop-align-center","14":"tablet-align-left","15":"mobile-align-left","17":"first","18":"instock","19":"taxable","20":"shipping-taxable","21":"purchasable","22":"product-type-simple"},"aioseo_notices":[],"uagb_featured_image_src":{"full":["https:\/\/i0.wp.com\/voysanando.com\/wp-content\/uploads\/2024\/05\/1.jpg?fit=290%2C450&ssl=1",290,450,false],"thumbnail":["https:\/\/i0.wp.com\/voysanando.com\/wp-content\/uploads\/2024\/05\/1.jpg?resize=150%2C150&ssl=1",150,150,true],"medium":["https:\/\/i0.wp.com\/voysanando.com\/wp-content\/uploads\/2024\/05\/1.jpg?fit=193%2C300&ssl=1",193,300,true],"medium_large":["https:\/\/i0.wp.com\/voysanando.com\/wp-content\/uploads\/2024\/05\/1.jpg?fit=290%2C450&ssl=1",290,450,true],"large":["https:\/\/i0.wp.com\/voysanando.com\/wp-content\/uploads\/2024\/05\/1.jpg?fit=290%2C450&ssl=1",290,450,true],"1536x1536":["https:\/\/i0.wp.com\/voysanando.com\/wp-content\/uploads\/2024\/05\/1.jpg?fit=290%2C450&ssl=1",290,450,true],"2048x2048":["https:\/\/i0.wp.com\/voysanando.com\/wp-content\/uploads\/2024\/05\/1.jpg?fit=290%2C450&ssl=1",290,450,true],"mailpoet_newsletter_max":["https:\/\/i0.wp.com\/voysanando.com\/wp-content\/uploads\/2024\/05\/1.jpg?fit=290%2C450&ssl=1",290,450,true],"woocommerce_thumbnail":["https:\/\/i0.wp.com\/voysanando.com\/wp-content\/uploads\/2024\/05\/1.jpg?resize=290%2C300&ssl=1",290,300,true],"woocommerce_single":["https:\/\/i0.wp.com\/voysanando.com\/wp-content\/uploads\/2024\/05\/1.jpg?fit=290%2C450&ssl=1",290,450,true],"woocommerce_gallery_thumbnail":["https:\/\/i0.wp.com\/voysanando.com\/wp-content\/uploads\/2024\/05\/1.jpg?resize=100%2C100&ssl=1",100,100,true]},"uagb_author_info":{"display_name":"user-voysanando","author_link":"https:\/\/voysanando.com\/index.php\/author\/"},"uagb_comment_info":1,"uagb_excerpt":"Libro f\u00edsico de Carol Galleguillos \u201c50 Preguntas Frecuentes de un Sobreviviente de abuso sexual infantil\u201d","jetpack_sharing_enabled":true,"_links":{"self":[{"href":"https:\/\/voysanando.com\/index.php\/wp-json\/wp\/v2\/product\/3333","targetHints":{"allow":["GET"]}}],"collection":[{"href":"https:\/\/voysanando.com\/index.php\/wp-json\/wp\/v2\/product"}],"about":[{"href":"https:\/\/voysanando.com\/index.php\/wp-json\/wp\/v2\/types\/product"}],"replies":[{"embeddable":true,"href":"https:\/\/voysanando.com\/index.php\/wp-json\/wp\/v2\/comments?post=3333"}],"wp:featuredmedia":[{"embeddable":true,"href":"https:\/\/voysanando.com\/index.php\/wp-json\/wp\/v2\/media\/3334"}],"wp:attachment":[{"href":"https:\/\/voysanando.com\/index.php\/wp-json\/wp\/v2\/media?parent=3333"}],"wp:term":[{"taxonomy":"product_brand","embeddable":true,"href":"https:\/\/voysanando.com\/index.php\/wp-json\/wp\/v2\/product_brand?post=3333"},{"taxonomy":"product_cat","embeddable":true,"href":"https:\/\/voysanando.com\/index.php\/wp-json\/wp\/v2\/product_cat?post=3333"},{"taxonomy":"product_tag","embeddable":true,"href":"https:\/\/voysanando.com\/index.php\/wp-json\/wp\/v2\/product_tag?post=3333"}],"curies":[{"name":"wp","href":"https:\/\/api.w.org\/{rel}","templated":true}]}}