{"id":2560,"date":"2023-12-06T23:12:03","date_gmt":"2023-12-07T02:12:03","guid":{"rendered":"https:\/\/voysanando.com\/?post_type=product&#038;p=2560"},"modified":"2025-03-17T10:24:58","modified_gmt":"2025-03-17T13:24:58","slug":"pack-terapeuta-experto-envios-en-chile","status":"publish","type":"product","link":"https:\/\/voysanando.com\/index.php\/producto\/pack-terapeuta-experto-envios-en-chile\/","title":{"rendered":"Pack Terapeuta Experto (Env\u00edos en Chile)"},"content":{"rendered":"<p><strong>Pack Terapeuta Experto (Env\u00edos en Chile)<\/strong><\/p>\n<p>\u00a1El pack m\u00e1s completo del mercado!<br \/>\nTodo lo que puedes llegar a necesitar en tu pr\u00e1ctica cl\u00ednica, para t\u00ed y tus pacientes.<\/p>\n<p>Incluye 12 Talonarios de tama\u00f1os A4 y A5<\/p>\n<ul>\n<li>Derivaci\u00f3n<\/li>\n<li>Supervisi\u00f3n<\/li>\n<li>Epicrisis\/Ingreso<\/li>\n<li>Paciente Antiguo que Regresa<\/li>\n<li>Ingreso Ampliada<\/li>\n<li>Finanzas mensuales b\u00e1sicas<\/li>\n<li>BDA<\/li>\n<li>Resumen Sesi\u00f3n<\/li>\n<li>Sue\u00f1os<\/li>\n<li>Seguimiento de F\u00e1rmacos<\/li>\n<li>Seguimiento de S\u00edntomas<\/li>\n<li>Grounding<\/li>\n<\/ul>\n<p>\u00bfNo est\u00e1s en Chile? Revisa nuestra versi\u00f3n Digital <a href=\"https:\/\/voysanando.com\/index.php\/producto\/pack-terapeuta-experto-digital\/\">Aqu\u00ed<\/a><\/p>\n<p>Si necesitas alg\u00fan producto especial que no hayas encontrado aqu\u00ed, \u00a1Escr\u00edbenos a <a href=\"mailto:contacto@healingwithpaper.com\">contacto@healingwithpaper.com<\/a> o <a href=\"mailto:hola@voysanando.com\">hola@voysanando.com<\/a>! Estaremos encantadas de escuchar tu idea y hacerla realidad.<\/p>\n<p>No olvides que puedes elegir que sea para regalo. Av\u00edsanos a qui\u00e9n se la quieres regalar en <a href=\"mailto:hola@voysanando.com\">hola@voysanando.com<\/a> en las pr\u00f3ximas 12 horas despu\u00e9s de tu compra, y le haremos un detallito.<\/p>\n","protected":false},"excerpt":{"rendered":"<p>Incluye 12 Talonarios para psic\u00f3logos en tama\u00f1os A4 y A5, \u00a1adem\u00e1s en formato lindo!<\/p>\n","protected":false},"featured_media":2562,"comment_status":"open","ping_status":"closed","template":"","meta":{"om_disable_all_campaigns":false,"_uag_custom_page_level_css":"","_monsterinsights_skip_tracking":false,"_monsterinsights_sitenote_active":false,"_monsterinsights_sitenote_note":"","_monsterinsights_sitenote_category":0,"site-sidebar-layout":"default","site-content-layout":"","ast-site-content-layout":"default","site-content-style":"default","site-sidebar-style":"default","ast-global-header-display":"","ast-banner-title-visibility":"","ast-main-header-display":"","ast-hfb-above-header-display":"","ast-hfb-below-header-display":"","ast-hfb-mobile-header-display":"","site-post-title":"","ast-breadcrumbs-content":"","ast-featured-img":"","footer-sml-layout":"","ast-disable-related-posts":"","theme-transparent-header-meta":"default","adv-header-id-meta":"","stick-header-meta":"","header-above-stick-meta":"","header-main-stick-meta":"","header-below-stick-meta":"","astra-migrate-meta-layouts":"set","ast-page-background-enabled":"default","ast-page-background-meta":{"desktop":{"background-color":"var(--ast-global-color-4)","background-image":"","background-repeat":"repeat","background-position":"center center","background-size":"auto","background-attachment":"scroll","background-type":"","background-media":"","overlay-type":"","overlay-color":"","overlay-opacity":"","overlay-gradient":""},"tablet":{"background-color":"","background-image":"","background-repeat":"repeat","background-position":"center center","background-size":"auto","background-attachment":"scroll","background-type":"","background-media":"","overlay-type":"","overlay-color":"","overlay-opacity":"","overlay-gradient":""},"mobile":{"background-color":"","background-image":"","background-repeat":"repeat","background-position":"center center","background-size":"auto","background-attachment":"scroll","background-type":"","background-media":"","overlay-type":"","overlay-color":"","overlay-opacity":"","overlay-gradient":""}},"ast-content-background-meta":{"desktop":{"background-color":"var(--ast-global-color-5)","background-image":"","background-repeat":"repeat","background-position":"center center","background-size":"auto","background-attachment":"scroll","background-type":"","background-media":"","overlay-type":"","overlay-color":"","overlay-opacity":"","overlay-gradient":""},"tablet":{"background-color":"var(--ast-global-color-5)","background-image":"","background-repeat":"repeat","background-position":"center center","background-size":"auto","background-attachment":"scroll","background-type":"","background-media":"","overlay-type":"","overlay-color":"","overlay-opacity":"","overlay-gradient":""},"mobile":{"background-color":"var(--ast-global-color-5)","background-image":"","background-repeat":"repeat","background-position":"center center","background-size":"auto","background-attachment":"scroll","background-type":"","background-media":"","overlay-type":"","overlay-color":"","overlay-opacity":"","overlay-gradient":""}}},"product_brand":[],"product_cat":[71],"product_tag":[50,51,67,63,62,53,52,60,61,64],"class_list":{"0":"post-2560","1":"product","2":"type-product","3":"status-publish","4":"has-post-thumbnail","6":"product_cat-fisicos","7":"product_tag-administracion","8":"product_tag-disociacion","9":"product_tag-farmacos","10":"product_tag-fichas","11":"product_tag-ingreso","12":"product_tag-psicoterapia","13":"product_tag-recursos-pacientes","14":"product_tag-sintomas","15":"product_tag-terapeuta","16":"product_tag-tid","17":"desktop-align-center","18":"tablet-align-left","19":"mobile-align-left","21":"first","22":"outofstock","23":"sale","24":"taxable","25":"shipping-taxable","26":"purchasable","27":"product-type-simple"},"aioseo_notices":[],"uagb_featured_image_src":{"full":["https:\/\/i0.wp.com\/voysanando.com\/wp-content\/uploads\/2023\/12\/PSX_20231206_230131-scaled.jpg?fit=2560%2C1866&ssl=1",2560,1866,false],"thumbnail":["https:\/\/i0.wp.com\/voysanando.com\/wp-content\/uploads\/2023\/12\/PSX_20231206_230131-scaled.jpg?resize=150%2C150&ssl=1",150,150,true],"medium":["https:\/\/i0.wp.com\/voysanando.com\/wp-content\/uploads\/2023\/12\/PSX_20231206_230131-scaled.jpg?fit=300%2C219&ssl=1",300,219,true],"medium_large":["https:\/\/i0.wp.com\/voysanando.com\/wp-content\/uploads\/2023\/12\/PSX_20231206_230131-scaled.jpg?fit=768%2C560&ssl=1",768,560,true],"large":["https:\/\/i0.wp.com\/voysanando.com\/wp-content\/uploads\/2023\/12\/PSX_20231206_230131-scaled.jpg?fit=1024%2C746&ssl=1",1024,746,true],"1536x1536":["https:\/\/i0.wp.com\/voysanando.com\/wp-content\/uploads\/2023\/12\/PSX_20231206_230131-scaled.jpg?fit=1536%2C1119&ssl=1",1536,1119,true],"2048x2048":["https:\/\/i0.wp.com\/voysanando.com\/wp-content\/uploads\/2023\/12\/PSX_20231206_230131-scaled.jpg?fit=2048%2C1492&ssl=1",2048,1492,true],"mailpoet_newsletter_max":["https:\/\/i0.wp.com\/voysanando.com\/wp-content\/uploads\/2023\/12\/PSX_20231206_230131-scaled.jpg?fit=1320%2C962&ssl=1",1320,962,true],"woocommerce_thumbnail":["https:\/\/i0.wp.com\/voysanando.com\/wp-content\/uploads\/2023\/12\/PSX_20231206_230131-scaled.jpg?resize=300%2C300&ssl=1",300,300,true],"woocommerce_single":["https:\/\/i0.wp.com\/voysanando.com\/wp-content\/uploads\/2023\/12\/PSX_20231206_230131-scaled.jpg?fit=600%2C437&ssl=1",600,437,true],"woocommerce_gallery_thumbnail":["https:\/\/i0.wp.com\/voysanando.com\/wp-content\/uploads\/2023\/12\/PSX_20231206_230131-scaled.jpg?resize=100%2C100&ssl=1",100,100,true]},"uagb_author_info":{"display_name":"user-voysanando","author_link":"https:\/\/voysanando.com\/index.php\/author\/"},"uagb_comment_info":0,"uagb_excerpt":"Incluye 12 Talonarios para psic\u00f3logos en tama\u00f1os A4 y A5, \u00a1adem\u00e1s en formato lindo!","jetpack_sharing_enabled":true,"_links":{"self":[{"href":"https:\/\/voysanando.com\/index.php\/wp-json\/wp\/v2\/product\/2560","targetHints":{"allow":["GET"]}}],"collection":[{"href":"https:\/\/voysanando.com\/index.php\/wp-json\/wp\/v2\/product"}],"about":[{"href":"https:\/\/voysanando.com\/index.php\/wp-json\/wp\/v2\/types\/product"}],"replies":[{"embeddable":true,"href":"https:\/\/voysanando.com\/index.php\/wp-json\/wp\/v2\/comments?post=2560"}],"wp:featuredmedia":[{"embeddable":true,"href":"https:\/\/voysanando.com\/index.php\/wp-json\/wp\/v2\/media\/2562"}],"wp:attachment":[{"href":"https:\/\/voysanando.com\/index.php\/wp-json\/wp\/v2\/media?parent=2560"}],"wp:term":[{"taxonomy":"product_brand","embeddable":true,"href":"https:\/\/voysanando.com\/index.php\/wp-json\/wp\/v2\/product_brand?post=2560"},{"taxonomy":"product_cat","embeddable":true,"href":"https:\/\/voysanando.com\/index.php\/wp-json\/wp\/v2\/product_cat?post=2560"},{"taxonomy":"product_tag","embeddable":true,"href":"https:\/\/voysanando.com\/index.php\/wp-json\/wp\/v2\/product_tag?post=2560"}],"curies":[{"name":"wp","href":"https:\/\/api.w.org\/{rel}","templated":true}]}}